e prime factors of 196880?
2, 5, 23, 107
List the prime factors of 59258.
2, 29629
What are the prime factors of 30281?
107, 283
List the prime factors of 128747.
128747
What are the prime factors of 2609?
2609
What are the prime factors of 8420?
2, 5, 421
List the prime factors of 107532.
2, 3, 29, 103
List the prime factors of 6544.
2, 409
List the prime factors of 988.
2, 13, 19
List the prime factors of 939.
3, 313
List the prime factors of 4950.
2, 3, 5, 11
List the prime factors of 29806.
2, 7, 2129
List the prime factors of 13210.
2, 5, 1321
List the prime factors of 14322.
2, 3, 7, 11, 31
What are the prime factors of 1619?
1619
List the prime factors of 11388.
2, 3, 13, 73
List the prime factors of 8108.
2, 2027
What are the prime factors of 3473?
23, 151
List the prime factors of 476.
2, 7, 17
What are the prime factors of 60577?
11, 5507
What are the prime factors of 2656?
2, 83
List the prime factors of 1993.
1993
List the prime factors of 3764.
2, 941
List the prime factors of 38130.
2, 3, 5, 31, 41
List the prime factors of 783.
3, 29
What are the prime factors of 18850?
2, 5, 13, 29
List the prime factors of 178821.
3, 37, 179
What are the prime factors of 19989?
3, 2221
What are the prime factors of 92?
2, 23
What are the prime factors of 46011?
3, 7, 313
List the prime factors of 940.
2, 5, 47
List the prime factors of 33752.
2, 4219
What are the prime factors of 21390?
2, 3, 5, 23, 31
What are the prime factors of 5643?
3, 11, 19
List the prime factors of 499.
499
List the prime factors of 1245.
3, 5, 83
What are the prime factors of 67023?
3, 11, 677
List the prime factors of 5948.
2, 1487
What are the prime factors of 2861?
2861
List the prime factors of 26197.
17, 23, 67
List the prime factors of 38607.
3, 17, 757
What are the prime factors of 68617?
59, 1163
List the prime factors of 439.
439
What are the prime factors of 7539?
3, 7, 359
What are the prime factors of 329?
7, 47
List the prime factors of 22.
2, 11
What are the prime factors of 1359?
3, 151
What are the prime factors of 4369?
17, 257
What are the prime factors of 113?
113
What are the prime factors of 2315?
5, 463
What are the prime factors of 1473?
3, 491
What are the prime factors of 1262?
2, 631
List the prime factors of 40280.
2, 5, 19, 53
What are the prime factors of 12716?
2, 11, 17
List the prime factors of 263.
263
List the prime factors of 1106.
2, 7, 79
What are the prime factors of 132279?
3, 7, 6299
What are the prime factors of 4642?
2, 11, 211
What are the prime factors of 2236?
2, 13, 43
What are the prime factors of 24002?
2, 11, 1091
What are the prime factors of 1948?
2, 487
List the prime factors of 2965.
5, 593
List the prime factors of 2652.
2, 3, 13, 17
What are the prime factors of 7662?
2, 3, 1277
What are the prime factors of 2565?
3, 5, 19
What are the prime factors of 61415?
5, 71, 173
What are the prime factors of 22882?
2, 17, 673
What are the prime factors of 31471?
11, 2861
What are the prime factors of 16632?
2, 3, 7, 11
What are the prime factors of 23545?
5, 17, 277
What are the prime factors of 662?
2, 331
List the prime factors of 33428.
2, 61, 137
List the prime factors of 50844.
2, 3, 19, 223
What are the prime factors of 2314?
2, 13, 89
List the prime factors of 11.
11
What are the prime factors of 61697?
103, 599
List the prime factors of 23510.
2, 5, 2351
List the prime factors of 21745.
5, 4349
List the prime factors of 77754.
2, 3, 12959
What are the prime factors of 13498?
2, 17, 397
What are the prime factors of 117719?
7, 67, 251
What are the prime factors of 7189?
7, 13, 79
What are the prime factors of 10852?
2, 2713
What are the prime factors of 45217?
103, 439
What are the prime factors of 5426?
2, 2713
What are the prime factors of 1754?
2, 877
What are the prime factors of 130?
2, 5, 13
List the prime factors of 174725.
5, 29, 241
List the prime factors of 6554.
2, 29, 113
List the prime factors of 10873.
83, 131
What are the prime factors of 20871?
3, 773
List the prime factors of 921.
3, 307
List the prime factors of 69183.
3, 7687
List the prime factors of 37241.
167, 223
What are the prime factors of 22760?
2, 5, 569
What are the prime factors of 77641?
77641
What are the prime factors of 1024?
2
List the prime factors of 9726.
2, 3, 1621
List the prime factors of 7779.
3, 2593
What are the prime factors of 142257?
3, 47419
List the prime factors of 323.
17, 19
What are the prime factors of 1192?
2, 149
List the prime factors of 3085.
5, 617
What are the prime factors of 35650?
2, 5, 23, 31
What are the prime factors of 261?
3, 29
List the prime factors of 43595.
5, 8719
List the prime factors of 1289.
1289
List the prime factors of 4702.
2, 2351
What are the prime factors of 61308?
2, 3, 13, 131
List the prime factors of 38517.
3, 37, 347
What are the prime factors of 12865?
5, 31, 83
What are the prime factors of 51932?
2, 12983
What are the prime factors of 1108?
2, 277
List the prime factors of 1402.
2, 701
List the prime factors of 560.
2, 5, 7
What are the prime factors of 1294?
2, 647
What are the prime factors of 15577?
37, 421
What are the prime factors of 97901?
47, 2083
What are the prime factors of 1693?
1693
What are the prime factors of 27887?
79, 353
List the prime factors of 3769.
3769
List the prime factors of 5390.
2, 5, 7, 11
List the prime factors of 175.
5, 7
List the prime factors of 1432.
2, 179
List the prime factors of 2745.
3, 5, 61
What are the prime factors of 462?
2, 3, 7, 11
List the prime factors of 967.
967
List the prime factors of 29850.
2, 3, 5, 199
What are the prime factors of 637?
7, 13
What are the prime factors of 91074?
2, 3, 43, 353
List the prime factors of 19890.
2, 3, 5, 13, 17
What are the prime factors of 98?
2, 7
What are the prime factors of 1240?
2, 5, 31
What are the prime factors of 488?
2, 61
List the prime factors of 56395.
5, 11279
What are the prime factors of 19704?
2, 3, 821
List the prime factors of 3.
3
What are the prime factors of 16573?
16573
What are the prime factors of 3306?
2, 3, 19, 29
List the prime factors of 10816.
2, 13
List the prime factors of 10887.
3, 19, 191
List the prime factors of 2078.
2, 1039
List the prime factors of 20012.
2, 5003
List the prime factors of 786.
2, 3, 131
What are the prime factors of 3309?
3, 1103
List the prime factors of 26020.
2, 5, 1301
What are the prime factors of 81012?
2, 3, 43, 157
What are the prime factors of 575?
5, 23
What are the prime factors of 173?
173
What are the prime factors of 28318?
2, 14159
What are the prime factors of 4103?
11, 373
List the prime factors of 33849.
3, 3761
List the prime factors of 23626.
2, 11813
What are the prime factors of 311?
311
What are the prime factors of 1981?
7, 283
List the prime factors of 50681.
59, 859
What are the prime factors of 54945?
3, 5, 11, 37
What are the prime factors of 15582?
2, 3, 7, 53
What are the prime factors of 1180?
2, 5, 59
List the prime factors of 1330.
2, 5, 7, 19
List the prime factors of 208.
2, 13
List the prime factors of 23272.
2, 2909
What are the prime factors of 3375?
3, 5
What are the prime factors of 2208?
2, 3, 23
List the prime factors of 1379.
7, 197
What are the prime factors of 1897?
7, 271
List the prime factors of 152458.
2, 31, 2459
What are the prime factors of 7396?
2, 43
List the prime factors of 4327.
4327
List the prime factors of 9574.
2, 4787
What are the prime factors of 25823?
7, 17, 31
List the prime factors of 78672.
2, 3, 11, 149
What are the prime factors of 848?
2, 53
What are the prime factors of 1677?
3, 13, 43
What are the prime factors of 1447?
1447
List the prime factors of 130.
2, 5, 13
What are the prime factors of 54758?
2, 11, 19, 131
What are the prime factors of 1042?
2, 521
List the prime factors of 1233.
3, 137
List the prime factors of 2547.
3, 283
List the prime factors of 830.
2, 5, 83
What are the prime factors of 1901?
1901
List the prime factors of 13511.
59, 229
List the prime factors of 779.
19, 41
List the prime factors of 218.
2, 109
What are the prime factors of 206?
2, 103
List the prime factors of 701.
701
List the prime factors of 5904.
2, 3, 41
What are the prime factors of 44968?
2, 7, 11, 73
What are the prime factors of 29?
29
What are the prime factors of